{"id":118,"date":"2019-08-07T12:02:50","date_gmt":"2019-08-07T10:02:50","guid":{"rendered":"http:\/\/192.168.44.137\/?page_id=118"},"modified":"2024-01-09T17:54:32","modified_gmt":"2024-01-09T16:54:32","slug":"impressum","status":"publish","type":"page","link":"https:\/\/kvsunneblum.de\/?page_id=118","title":{"rendered":"Impressum"},"content":{"rendered":"\n<p><strong>Herausgeber, Gestaltung und Design<\/strong><br> \u00a0<br> Die Website <strong>https:\/\/www.kvsunneblum.de<\/strong> ist der offizielle Internet-Dienst vom <strong>Karnevalverein &#8222;Sunneblum&#8220; 1928 Guldental e.V. <\/strong>eingetragen im Vereinsregister Bad Kreuznach Nr.: VR 1477.<\/p>\n\n\n\n<p>Steuernummer: 06\/670\/0106\/9<\/p>\n\n\n\n<h4 class=\"wp-block-heading\">Kontakt<\/h4>\n\n\n\n<p><a href=\"http:\/\/info@kvsunneblum.de \">info@kvsunneblum.de <\/a><\/p>\n\n\n<p><strong><span style=\"font-size: medium;\"><span style=\"font-family: Arial,Arial;\">Gesch\u00e4ftsf\u00fchrender Vorstand:<\/span><\/span><\/strong><\/p>\n<p><strong>1. Vorsitzender<\/strong><\/p>\n<p>Stefan Singer<\/p>\n<p>Heerweg 5, 55452 Guldental<\/p>\n<p>Tel.: 0175 \/ 75 67 880<\/p>\n<p><strong>2. Vorsitzende<\/strong><\/p>\n<p>Kristin Orben<\/p>\n<p>Naheweinstr. 20, 55452 Guldental<\/p>\n<p>Tel.: 0176 \/ 41 00 61 82<\/p>\n<p><strong>Inhaltlich verantwortliche Person.<\/strong><\/p>\n<p>Tobias Ha\u00dflinger<\/p>\n<p><strong><u>Externe Internet-Verweise<\/u><\/strong><\/p>\n<p>Die Inhalte externer Verweise werden von uns nicht gepr\u00fcft. Sie unterliegen der Haftung der jeweiligen Anbieter.<\/p>\n<p><u>Datenschutzhinweis<\/u><\/p>\n<p>Daten, die durch irgendeine Art auf dieser Webseite erhoben werden (z.B. Email-Adresse), werden nicht an Dritte weitergegeben.<\/p>\n<p><u>Urheberrechtshinweise<\/u><\/p>\n<p>Alle auf dieser Website ver\u00f6ffentlichten Beitr\u00e4ge und Abbildungen sind urheberrechtlich gesch\u00fctzt. Jede vom Urheberrechtsgesetz nicht zugelassene Verwertung bedarf vorheriger schriftlicher Zustimmung durch uns. Dies gilt insbesondere f\u00fcr Vervielf\u00e4ltigung, Bearbeitung, \u00dcbersetzung, Einspeicherung, Verarbeitung bzw. Wiedergabe von Inhalten in Datenbanken oder anderen elektronischen Medien und Systemen. Fotokopien und Downloads von Internetseiten d\u00fcrfen nur f\u00fcr den pers\u00f6nlichen, privaten und nicht kommerziellen Gebrauch hergestellt werden.<\/p>\n<p><u>Unverbindlichkeit der Informationen<\/u><\/p>\n<p>Die Inhalte dieser Internetseite, werden mit gr\u00f6\u00dftm\u00f6glicher Sorgfalt recherchiert. Gleichwohl \u00fcbernehmen wir keine Haftung f\u00fcr die Richtigkeit, Vollst\u00e4ndigkeit und Aktualit\u00e4t der bereit gestellten Informationen. Die Beitr\u00e4ge geben die Meinung des jeweiligen Autors wieder.<\/p>\n<p><u>Unverbindlichkeit von Ausk\u00fcnften<\/u><\/p>\n<p>M\u00fcndliche oder schriftliche Ausk\u00fcnfte, die erteilt werden, sind unverbindlich. Die Informationen, die auf dieser Website bereitgestellt werden, sind allgemeiner Art. Die Ver\u00f6ffentlichung aller Daten und Termine erfolgt ohne Gew\u00e4hr.<\/p>\n<p><u>Kommunikation \u00fcber E-Mail<\/u><\/p>\n<p>Kommunikation via E-Mail kann Sicherheitsl\u00fccken aufweisen. Beispielsweise k\u00f6nnen E-Mails auf ihrem Weg an uns von versierten Internet-Nutzern aufgehalten und eingesehen werden. Sollten wir eine E-Mail von Ihnen erhalten, so gehen wir davon aus, dass wir zu einer Beantwortung per E-Mail berechtigt sind. Ansonsten m\u00fcssen Sie ausdr\u00fccklich auf eine andere Art der Kommunikation verweisen.<\/p>","protected":false},"excerpt":{"rendered":"<p>Herausgeber, Gestaltung und Design \u00a0 Die Website https:\/\/www.kvsunneblum.de ist der offizielle Internet-Dienst vom Karnevalverein &#8222;Sunneblum&#8220; 1928 Guldental e.V. eingetragen im Vereinsregister Bad Kreuznach Nr.: VR 1477. Steuernummer: 06\/670\/0106\/9 Kontakt info@kvsunneblum.de Gesch\u00e4ftsf\u00fchrender Vorstand: 1. Vorsitzender Stefan Singer Heerweg 5, 55452 Guldental Tel.: 0175 \/ 75 67 880 2. Vorsitzende Kristin Orben Naheweinstr. 20, 55452 Guldental Tel.: [&hellip;]<\/p>\n","protected":false},"author":1,"featured_media":0,"parent":0,"menu_order":0,"comment_status":"closed","ping_status":"closed","template":"","meta":{"site-sidebar-layout":"default","site-content-layout":"default","ast-site-content-layout":"default","site-content-style":"default","site-sidebar-style":"default","ast-global-header-display":"","ast-banner-title-visibility":"","ast-main-header-display":"","ast-hfb-above-header-display":"","ast-hfb-below-header-display":"","ast-hfb-mobile-header-display":"","site-post-title":"","ast-breadcrumbs-content":"","ast-featured-img":"","footer-sml-layout":"","ast-disable-related-posts":"","theme-transparent-header-meta":"default","adv-header-id-meta":"","stick-header-meta":"","header-above-stick-meta":"","header-main-stick-meta":"","header-below-stick-meta":"","astra-migrate-meta-layouts":"set","ast-page-background-enabled":"default","ast-page-background-meta":{"desktop":{"background-color":"","background-image":"","background-repeat":"repeat","background-position":"center center","background-size":"auto","background-attachment":"scroll","background-type":"","background-media":"","overlay-type":"","overlay-color":"","overlay-opacity":"","overlay-gradient":""},"tablet":{"background-color":"","background-image":"","background-repeat":"repeat","background-position":"center center","background-size":"auto","background-attachment":"scroll","background-type":"","background-media":"","overlay-type":"","overlay-color":"","overlay-opacity":"","overlay-gradient":""},"mobile":{"background-color":"","background-image":"","background-repeat":"repeat","background-position":"center center","background-size":"auto","background-attachment":"scroll","background-type":"","background-media":"","overlay-type":"","overlay-color":"","overlay-opacity":"","overlay-gradient":""}},"ast-content-background-meta":{"desktop":{"background-color":"var(--ast-global-color-5)","background-image":"","background-repeat":"repeat","background-position":"center center","background-size":"auto","background-attachment":"scroll","background-type":"","background-media":"","overlay-type":"","overlay-color":"","overlay-opacity":"","overlay-gradient":""},"tablet":{"background-color":"var(--ast-global-color-5)","background-image":"","background-repeat":"repeat","background-position":"center center","background-size":"auto","background-attachment":"scroll","background-type":"","background-media":"","overlay-type":"","overlay-color":"","overlay-opacity":"","overlay-gradient":""},"mobile":{"background-color":"var(--ast-global-color-5)","background-image":"","background-repeat":"repeat","background-position":"center center","background-size":"auto","background-attachment":"scroll","background-type":"","background-media":"","overlay-type":"","overlay-color":"","overlay-opacity":"","overlay-gradient":""}},"footnotes":""},"class_list":["post-118","page","type-page","status-publish","hentry"],"_links":{"self":[{"href":"https:\/\/kvsunneblum.de\/index.php?rest_route=\/wp\/v2\/pages\/118","targetHints":{"allow":["GET"]}}],"collection":[{"href":"https:\/\/kvsunneblum.de\/index.php?rest_route=\/wp\/v2\/pages"}],"about":[{"href":"https:\/\/kvsunneblum.de\/index.php?rest_route=\/wp\/v2\/types\/page"}],"author":[{"embeddable":true,"href":"https:\/\/kvsunneblum.de\/index.php?rest_route=\/wp\/v2\/users\/1"}],"replies":[{"embeddable":true,"href":"https:\/\/kvsunneblum.de\/index.php?rest_route=%2Fwp%2Fv2%2Fcomments&post=118"}],"version-history":[{"count":0,"href":"https:\/\/kvsunneblum.de\/index.php?rest_route=\/wp\/v2\/pages\/118\/revisions"}],"wp:attachment":[{"href":"https:\/\/kvsunneblum.de\/index.php?rest_route=%2Fwp%2Fv2%2Fmedia&parent=118"}],"curies":[{"name":"wp","href":"https:\/\/api.w.org\/{rel}","templated":true}]}}